ive v(g).
-5
Suppose 3*x + 2*h - 14 = -15, -x = -4*h + 19. Let j(r) = 3*r**3 + 4*r**2 + r + 2. What is j(x)?
-46
Let z(v) = -v**3 - 7*v**2 + v + 3. Let o(n) = n**3 + 4*n**2 + n - 2. Let r be o(-3). Let w = -66 + 92. Suppose 0 = r*p + w + 2. Calculate z(p).
-4
Let q(a) = 5*a - 1. Let k be q(-1). Let j(w) be the second derivative of w**4/12 + 7*w**3/6 - 2*w**2 + 19*w + 3. What is j(k)?
-10
Let x(v) = -v**3 + 6*v**2 - 3*v + 1. Let b(g) = 3*g**2 + 5*g - 16. Let a be b(2). Determine x(a).
-17
Let u(t) be the third derivative of t**7/840 - 5*t**4/24 - 13*t**3/6 + 17*t**2. Let s(d) be the first derivative of u(d). Give s(0).
-5
Let h = -298 + 301. Let v(t) = t**3 + 3*t**2 + t - 1. Give v(h).
56
Let v(f) be the third derivative of -f**4 + 7*f**3/6 + 11*f**2. Let o(g) = 23*g - 6. Let t(r) = 7*o(r) + 6*v(r). Calculate t(1).
17
Let d(h) be the first derivative of -1/2*h**2 - 4*h - 48. Determine d(7).
-11
Let n(f) be the first derivative of f**4/24 - 7*f**3/6 - 8*f**2 - 7. Let z(q) be the second derivative of n(q). Calculate z(0).
-7
Let x(r) = 6829*r**2 + 10 - 6828*r**2 + 5*r + 6*r. What is x(-12)?
22
Let n = 169 + -161. Let y(k) = -2*k - 14. Give y(n).
-30
Let u(f) = -f**2 + 5*f + 2. Let n(x) = -3*x**3 - 4*x**2 - 3*x - 14. Let h(r) = -r**3 + r**2. Let g(t) = -2*h(t) + n(t). Let v be g(-6). Calculate u(v).
6
Let l = 5 + -13. Let n(p) = p**2 - p + 1. Let c(u) = -10*u**2 - 2*u - 20. Let w(f) = -c(f) - 9*n(f). Give w(l).
-13
Let d = 77 - 58. Let h(r) = 9 + 18*r**2 - 29*r**2 - r**3 - r + d*r**2. Give h(8).
1
Suppose 0 = l - 2*l - 84. Let u be (2/(-6))/(7/l). Let c(y) = -4 + 0 + 2*y - 4 + u. Give c(6).
8
Let n be 2/(-31) + 6400/3100. Let q(a) = -5*a + 1. Give q(n).
-9
Let y(x) = -x + 4. Suppose -w + 2 = -0*w. Let z be w*(0 - -1) + 2. What is y(z)?
0
Let t = 32 - 44. Let i be -3 + -1*t/(-4). Let f(d) = -d**2 - 6*d + 5. Calculate f(i).
5
Let c be (0 - 16/20)/(3/(-15)). Let p(n) = -2*n**2 - n + 2. Let x(h) = 3*h**2 - 3. Let g(r) = 4*p(r) + 3*x(r). Determine g(c).
-1
Let y(l) = 13*l + 69. Let t(z) = 3*z + 13. Let j(k) = -11*t(k) + 2*y(k). What is j(-2)?
9
Let d(z) = -z**3 + 3*z**2 + 6. Let y = 86 + -83. What is d(y)?
6
Let y(m) = -4*m - 18. Let d(w) = 30*w + 128. Let i(r) = -3*d(r) - 22*y(r). Determine i(0).
12
Suppose 30*a - 4 = 31*a. Let t(d) = -d**3 - 3*d**2 + 3*d + 1. Calculate t(a).
5
Let v(t) = t**3 + 2*t**2 - t - 1. Suppose -6*j - 29 - 13 = 0. Let d be 0 + (-4 - j/((-14)/(-4))). What is v(d)?
1
Let o(p) = -3*p**2 + 3*p. Let t(j) be the first derivative of 5*j**3/3 - 7*j**2/2 - 40. Let v(w) = 7*o(w) + 4*t(w). Determine v(-5).
10
Let n(c) be the second derivative of -2*c**3/3 - c**2/2 - 5*c - 2. Calculate n(-6).
23
Let u be (4 - (-7)/(-3))*3. Suppose 8 - 18 = -u*f. Let o(j) = -2*j**f - j - 2*j**2 + 0*j + 13*j**2. Give o(1).
8
Let o(t) be the first derivative of -9*t**2/2 + 83*t - 28. Let d be o(10). Let f(c) = -c**2 - 8*c - 6. Give f(d).
1
Let u = -9 - -23. Let l(m) = -10*m + u*m**3 - 15*m**3 + 7*m**2 + 3*m - 1. What is l(6)?
-7
Let q(k) = -9*k + 2. Let g(d) = 2*d + 2. Let y(b) = -4*g(b) - q(b). Calculate y(11).
1
Suppose 21*b + b + 66 = 0. Let g(q) = q + 1. Let v(s) = -4*s - 6. Let d(t) = -2*g(t) - v(t). What is d(b)?
-2
Let z(i) = -i**2 + 2*i - 1. Let o = -150 - -148. What is z(o)?
-9
Let b(o) = 17*o**2 - 33*o + 15. Let m(h) = 7*h**2 - 16*h + 7. Let f(c) = 6*b(c) - 14*m(c). Determine f(-7).
6
Let j(l) = -11*l**2 - 392 - 6*l + l**3 + 393 - 6*l. Determine j(12).
1
Suppose -10*q = -12*q - 6. Let b(r) = -3*r. Let v(m) = -10*m - 2. Let x(g) = 9*g + 1. Let n(u) = -2*v(u) - 3*x(u). Let s(z) = -5*b(z) + 2*n(z). Give s(q).
-1
Let a(q) = -q + 4. Let j be (12/16)/(1/64). Let y be 22/3*j/32. Let v = y + -7. What is a(v)?
0
Let a(d) = d**3 + 4*d**2 - 5*d + 6. Let p = 0 - -12. Let x = p - 8. Suppose -w = -3*y + w - 9, x*w = 2*y - 2. Calculate a(y).
6
Let h be (1 + (-1)/(-3))*3. Let y(p) = -4 - p + 10 - 1 - 2 - 2. Determine y(h).
-3
Let q(j) = j**2 - 1 - 7 + 10*j + 11. Give q(-9).
-6
Let h(u) be the second derivative of -u**4/12 + u**3/3 + 3*u**2/2 + 127*u. Let k be 2 + 2/(-2) - 3. What is h(k)?
-5
Let f(w) = -w**2 - 6*w - 6. Let k(v) = -v**3 + 7*v + 7. Let s be k(5). Let y = s + 78. What is f(y)?
-1
Let x(j) = -j + 13. Suppose -8*p = -0*p - 80. What is x(p)?
3
Let r(v) = 5*v**2 - 2*v - 1. Let w(u) = 4*u**2 - u - 1. Let t(q) = 3*r(q) - 4*w(q). Let i = -43 + 22. Let c be (i/15 - -1)*10. Calculate t(c).
-7
Suppose -8 = -2*v - 4. Let w(p) = 71 + p**3 - v*p - 70 - 5*p**2 - 4*p. Calculate w(6).
1
Let o(d) = -d**3 - 8*d**2 - 11*d - 24. Let u(n) = -n**3 - 12*n**2 - 43*n - 63. Let l be u(-7). Determine o(l).
4
Let m(p) = -3*p**2 + 2*p - 1. Let l(b) = -b. Let o be l(-1). Calculate m(o).
-2
Let c(w) be the second derivative of w**4/12 - 7*w**3/6 + 3*w**2/2 + 2*w + 4. Calculate c(5).
-7
Suppose 6*w - 4*w - 4 = 0. Let v(q) = -w + 6 + 5*q - 3 - q**2 - 4. Let o be ((-1)/1)/((-2)/6). What is v(o)?
3
Suppose 0 = -5*f + 4*z + 37, 0*f + z - 38 = -4*f. Let h(n) = n - 8. Give h(f).
1
Suppose h - 4*p = -2, -34 + 22 = h + p. Let n(b) = -4*b - 13. Give n(h).
27
Let l(d) = 2*d**3 + 2*d**2 - d - 1. Let j(b) = -b - 9. Let g be j(-3). Let o = g + 4. Calculate l(o).
-7
Let y(j) = j + 5. Let c be y(-3). Let t(o) = -4 + 2 + o - o**c + 0*o**2. Suppose -6*f + 12 = -2*f. Determine t(f).
-8
Let p be 49/(-7) - (-16)/2. Let v(s) = -4*s. Give v(p).
-4
Let k(h) = h**3 - h**2 - 3*h - 3. Let z be 2/14 - (-180)/63. Suppose -3*y + 8*y - 4*n + 1 = 0, -z*y - 5*n = -29. Give k(y).
6
Let y(g) = g**2 - 7*g - 4. Let n be (-63)/(-5 + 2)*(-4)/(-12). Determine y(n).
-4
Let b(j) = -j + 4. Let o be b(4). Suppose k + o*k = u, 5*k - u = 16. Let r be 2/k + 11/2. Let s(z) = z**2 - 7*z - 1. Calculate s(r).
-7
Let g(z) be the second derivative of z**4/12 - 5*z**3/3 + 11*z**2/2 + 4*z - 24. Calculate g(11).
22
Let f = 101 - 101. Let o(p) = p - 5. Calculate o(f).
-5
Let q be -1 + 9/((-27)/30). Let j = -9 - q. Let z(r) = -4 - 19*r**j + 5 + 18*r**2 + r. Determine z(0).
1
Let a(z) = -z**3 + 10*z**2 - 24*z - 3. Let c be 7 + -2 + -3*(-13)/39. Calculate a(c).
-3
Let m(q) be the first derivative of -3*q**4/4 - 11*q**3/3 - 2*q**2 - 11*q - 3. Let x(w) = 2*w**3 + 10*w**2 + 5*w + 11. Let r(y) = 3*m(y) + 4*x(y). Give r(8).
11
Suppose 5*d + 6 = -4*z, 3*z + 37*d - 39*d = 7. Let a(c) be the first derivative of -c**3/3 + c**2 - 2*c - 2. Let t be a(z). Let k(x) = -8*x**3 + x. Give k(t).
7
Let f = -576 - -570. Let v(w) = -8*w - 42. Determine v(f).
6
Let i(j) = 26*j - 851. Let l be i(33). Let o(u) = u**2 - 6*u + 4. Calculate o(l).
11
Suppose 11 = 5*q - 3*t - 8, -5*q - 4*t + 33 = 0. Let o(m) = 4 - 2 + 5 + m - q. Let z(n) = -n**3 + 6*n**2 - 8. Let c be z(6). What is o(c)?
-6
Let z(x) = -x**3 + 3*x**2 + 4*x - 5. Let j(v) = -4*v - 8. Let w be j(0). Let i be (w/(-12))/((-2)/3)*-4. Calculate z(i).
-5
Let n be ((-10)/8)/((-6)/24). Suppose x - 4*g + 5 = -0*x, 5*x = -n*g - 25. Let v(z) = -2*z + 6. Calculate v(x).
16
Suppose -3*q - 1 = -4*q. Suppose -i = -z + q, -z + 5*z - 5*i - 2 = 0. Let w(l) = -2*l - l**2 - 1 + z + 3*l**3 + 0*l**3 - 3. Calculate w(-1).
-3
Let d(s) = -s**2 - s + 16. Suppose i = -5*i - 36. Let w be i*3/(-99) + 2/(-11). What is d(w)?
16
Let y(l) be the second derivative of l**4/12 - 5*l**3/2 + 11*l**2 - 3*l - 11. Determine y(13).
-4
Suppose 5*w + 3 = -3*u, 0*w - 26 = -5*u + 2*w. Let h(m) = 5*m + 0*m + 2 - u + 1. Give h(1).
4
Let x(n) = n + 1. Let i(j) = -5*j - 13. Let p = -10 - -13. Suppose 4 = -m - p*m. Let d(l) = m*i(l) - 6*x(l). What is d(8)?
-1
Let w(c) = c**3 - 2*c**2 - 4*c + 3. Let p(t) = -18*t - 45. Let l be p(-5). Suppose 0 = -3*d - 12*d + l. Give w(d).
0
Let q(l) = 6*l - 4. Let n(s) = -3*s + 2. Let t be 1/(4 + 42/(-10)). Let c(w) = t*n(w) - 2*q(w). Determine c(4).
10
Let k(h) be the first derivative of -h**4/4 + h**3/3 - h**2/2 - 31*h - 1. Suppose 60*j + 5*x + 30 = 58*j, 3*j - 18 = 3*x. What is k(j)?
-31
Let u = -4 - 0. Let a(k) be the second derivative of k**5/20 + k**4/3 + 5*k**3/6 + 3*k**2 - 521*k. Determine a(u).
-14
Let i(b) = -b**3 + 526 + 5*b**2 - 532 - b + 2*b**2 - 2*b**2. Determine i(4).
6
Let u(d) = -2*d - 1. Let r be u(-2). Let i(l) = -r + l + 1 - 1 + 2. Determine i(-5).
-6
Let f(c) = -4*c + 34. Let i be f(8). Let g(h) = h**i + 0 - 4 + 3*h**3 + 3*h + 2*h - 4*h**3. What is g(3)?
-7
Let c(g) = -49*g - 57*g + 107*g + 0 - 